j) = 2*j**2 - 11183*j + 663892. What is s(60)?
112
Let z(v) = 827*v**2 - 13194*v - 28. Calculate z(16).
580
Let w(z) = -z**3 - 269*z**2 + 1219*z - 41216. What is w(-274)?
158
Let x(r) = 2*r**2 - 116*r - 5108. Calculate x(-35).
1402
Let v(j) = -6*j**2 + 743*j - 14629. Give v(99).
122
Let c(i) = -984313*i - 4921573. Calculate c(-5).
-8
Let o(n) = -62*n**2 + 17218*n + 5037. What is o(278)?
33
Let w(g) = 30*g**2 - 543*g - 4401. Determine w(-8).
1863
Let m(g) = -31*g**2 + 980*g + 388. What is m(32)?
4
Let o(y) = -4*y**3 - 17*y**2 - 89*y - 249. Give o(-6).
537
Let b(f) = -2*f**2 - 6075*f - 2736242. What is b(-550)?
8
Let a(o) = 1521*o + 422870. Calculate a(-278).
32
Let f(x) = -194978*x - 5069442. Give f(-26).
-14
Let h(z) = 9755*z + 127089. Give h(-13).
274
Let i(n) = -4*n**2 + 648*n - 13734. Determine i(25).
-34
Let p(t) = 4*t**2 + 675*t + 1492. Calculate p(-167).
323
Let f(a) = -24*a**2 + 1303*a - 1645. Determine f(53).
-2
Let c(x) = -x**3 - 64*x**2 - 1008*x - 17570. Determine c(-51).
25
Let p(x) = x**3 - 68*x**2 + 79*x - 862. Calculate p(67).
-58
Let s(z) = -z**3 - 3*z**2 - 47798*z - 382422. Calculate s(-8).
282
Let i(l) = 160*l**3 - 13*l**2 - 22*l - 4. Determine i(-1).
-155
Let q(w) = -3*w**2 - 1469*w - 27569. What is q(-19)?
-741
Let x(g) = -83*g + 1499. Determine x(-29).
3906
Let k(t) = -2862*t**3 - 2*t**2 + 460*t - 456. Give k(1).
-2860
Let d(x) = -22*x**2 + 2966*x + 5931. Determine d(-2).
-89
Let p(v) = -v**2 + 8266*v - 630515. Calculate p(77).
38
Let u(t) = -4063*t + 37776. What is u(9)?
1209
Let s(y) = -y**3 + 257*y**2 - 3396*y - 77. What is s(14)?
7
Let z(v) = 59*v**2 - 7064*v - 1914. Give z(120).
6
Let z(a) = a**3 - 130*a**2 + 515*a - 1366. Determine z(126).
20
Let i(r) = 347*r**3 + 2*r**2 - 23*r - 22. Determine i(-1).
-344
Let p(q) = q**3 + 357*q**2 + 1556*q + 174856. Give p(-354).
-20
Let d(n) = -1112*n**2 + 191*n + 124. Give d(-1).
-1179
Let f(m) = -m**3 + 13*m**2 - 116*m + 939. Determine f(10).
79
Let i(f) = -8*f**2 - 330*f - 2610. Calculate i(-10).
-110
Let q(m) = 845*m + 6339. Determine q(-8).
-421
Let r(d) = -2*d**3 + 611*d**2 - 407*d + 31081. Determine r(305).
-29
Let k(i) = i**2 + 288*i - 11953. Calculate k(-325).
72
Let q(w) = 17*w**2 + 384*w + 1424. Give q(-18).
20
Let o(u) = u**2 - 68*u - 17888. Give o(-100).
-1088
Let f(c) = 23821*c - 23655. Determine f(1).
166
Let x(v) = 3*v**3 + 63*v**2 + 6*v + 356. Determine x(-21).
230
Let j(i) = -904*i - 63273. Give j(-70).
7
Let t(i) = 466*i + 32. Determine t(0).
32
Let f(l) = -l**3 + 46*l**2 + 183*l + 1118. Calculate f(50).
268
Let d(z) = 13*z**3 + 584*z**2 + z - 159. Give d(0).
-159
Let u(i) = i**3 + 45*i**2 + 324*i - 563. Determine u(-11).
-13
Let o(w) = -3014*w - 9740. Calculate o(-3).
-698
Let l(h) = -20*h**2 + 328*h - 91. Determine l(2).
485
Let s(z) = -3*z**3 + 825*z**2 - 55760*z - 4806. Give s(120).
-6
Let o(x) = 8920*x + 45403. Give o(-6).
-8117
Let u(j) = 2*j**2 - 621*j - 47043. Determine u(374).
455
Let z(k) = 2*k**2 - 24*k - 287. Determine z(-20).
993
Let m(b) = -23*b**2 + 6358*b - 21489. Give m(273).
78
Let g(j) = -1363149*j - 8178899. Give g(-6).
-5
Let z(c) = 26*c**3 + c**2 + 150*c - 294. Calculate z(2).
218
Let h(x) = -22074*x - 397350. What is h(-18)?
-18
Let i(o) = 58*o**2 - 3907*o + 201. What is i(67)?
-1206
Let h(d) = d**2 + 7*d - 226. Determine h(-62).
3184
Let n(g) = g**2 - 432165*g + 3025095. What is n(7)?
-11
Let l(j) = 326*j + 2119. Calculate l(-6).
163
Let l(r) = 265*r + 27121. Determine l(-106).
-969
Let u(k) = -4*k**3 - 86*k**2 - 499*k - 51. Determine u(-11).
356
Let u(o) = -o**3 + 203*o**2 + 613*o - 28. Give u(-3).
-13
Let a(z) = 315*z - 10721. Determine a(34).
-11
Let c(s) = 4*s**3 - 488*s**2 + 14473*s + 751. Give c(71).
-30
Let l(i) = -i**3 - 11*i**2 - 59*i - 1331. Calculate l(-14).
83
Let k(p) = -p**3 + 258*p**2 + 14*p - 3355. What is k(258)?
257
Let l(c) = 64*c**3 - 35*c**2 - 2*c. Give l(1).
27
Let j(s) = 4*s**3 - 298*s**2 - 190*s + 3004. Give j(75).
4
Let s(m) = -m**2 - 243*m - 16860. What is s(-91)?
-3028
Let z(s) = -158*s - 18728. Determine z(-109).
-1506
Let w(s) = -s**3 - 13*s**2 - 289*s - 1199. Calculate w(-5).
46
Let l(s) = -2*s**2 + 123*s + 2086. Determine l(-14).
-28
Let i(m) = 224392*m + 16829394. Calculate i(-75).
-6
Let m(t) = -t**3 - 4*t**2 - 38*t - 56. Calculate m(0).
-56
Let q(o) = 18221*o - 164056. What is q(9)?
-67
Let z(i) = -292*i**3 + 85*i**2 - 119*i - 88. Determine z(2).
-2322
Let a(z) = -9*z**2 + 1687*z - 12393. Calculate a(180).
-333
Let x(f) = -4*f**2 - 381*f + 4797. Determine x(-104).
1157
Let n(g) = 1994*g - 281102. Give n(141).
52
Let m(z) = -5*z**3 - 68*z**2 - 78*z - 12. Determine m(-1).
3
Let v(h) = 15*h**2 + 382*h - 2285. Calculate v(6).
547
Let t(p) = 36*p + 4953. Determine t(-131).
237
Let w(s) = s**3 + 184*s**2 + 375*s + 2021. Determine w(-182).
19
Let l(k) = 2*k**2 + 237*k - 2463. Calculate l(9).
-168
Let c(s) = 35*s**3 + 19*s**2 - 39*s - 53. Determine c(-1).
-30
Let s(d) = -1808*d**2 - 9037*d + 30. Give s(-5).
15
Let w(s) = -30545*s - 214324. Determine w(-7).
-509
Let h(i) = -196*i**2 - 10805*i - 1368. Determine h(-55).
7
Let k(p) = 113*p + 1352. Give k(-12).
-4
Let d(w) = 2*w**2 + 2009*w + 11966. What is d(-6)?
-16
Let i(f) = 29*f + 83. Calculate i(7).
286
Let f(r) = 15682*r + 62680. Calculate f(-4).
-48
Let c(t) = 5*t - 1055. Determine c(-68).
-1395
Let a(b) = b**2 - 42137*b + 14874023. Determine a(356).
-13
Let g(i) = 31*i**2 - 5425*i - 32. Give g(175).
-32
Let i(b) = -50*b**2 - 4564*b + 3311. Give i(-92).
-1
Let p(j) = 319*j + 6733. Calculate p(-20).
353
Let m(x) = 1645*x - 1085756. What is m(660)?
-56
Let t(v) = -10*v**2 - 163*v - 1702. Determine t(-25).
-3877
Let d(i) = -547459*i - 30110240. Determine d(-55).
5
Let z(g) = g**3 - 204*g**2 - 1055*g + 2110. What is z(209)?
20
Let t(b) = b**2 + 9924*b + 178372. Determine t(-18).
64
Let u(f) = -4*f**2 - 93*f + 1197. Calculate u(17).
-1540
Let f(x) = -421*x**3 - 2*x**2 - 208*x + 209. What is f(1)?
-422
Let f(c) = 4*c**2 + 154466*c - 154467. Give f(1).
3
Let w(o) = 2*o**3 - 82*o**2 + 651*o - 3. What is w(11)?
-102
Let w(b) = 2*b**3 + 463*b**2 + 3377*b + 3816. What is w(-224)?
8
Let n(m) = -1733*m - 55507. Determine n(-32).
-51
Let b(q) = 2*q**3 + 204*q**2 + 2170*q + 92. What is b(-12)?
-28
Let x(k) = -19*k**2 + 236*k - 156. Determine x(12).
-60
Let p(c) = 87001*c - 22620259. Give p(260).
1
Let l(o) = 3*o**3 - 5*o**2 - 29*o - 46. Give l(-8).
-1670
Let o(l) = -4*l**3 - 101*l**2 - 295*l - 550. Calculate o(-22).
-352
Let b(l) = 6*l**2 + 679*l - 1020. Give b(-114).
-450
Let a(o) = -3*o**3 - 21*o**2 + 41*o + 158. Determine a(-2).
16
Let d(o) = 3*o**3 - 73*o**2 - 2545*o - 9741. Calculate d(-16).
3
Let b(r) = -16*r**2 - 3156*r + 25422. Give b(-205).
2
Let q(x) = -3*x**3 + 45*x**2 - 56*x + 690. Determine q(15).
-150
Let t(i) = 2907*i - 17666. Calculate t(6).
-224
Let u(z) = 79963*z + 799496. Give u(-10).
-134
Let n(h) = -23*h + 25. Determine n(-9).
232
Let l(h) = -19*h**2 + 1238*h + 6172. Determine l(-5).
-493
Let r(h) = 3*h**3 - 293*h**2 + 2783*h + 88. Determine r(87).
1
Let j(x) = 362*x - 517. What is j(1)?
-155
Let v(t) = -4*t**2 + 131*t - 275. Calculate v(24).
565
Let f(c) = -43337*c + 2946946. Determine f(68).
30
Let s(r) = 274*r**3 - 29043*r**2 - 113*r + 762. Determine s(106).
20
Let i(g) = 8678*g - 8287507. Determine i(955).
-17
Let b(n) = -17*n**2 - 1258*n + 3934. Give b(-77).
7
Let r(u) = 12*u + 260. Give r(7).
344
Let l(h) = -16*h**2 + 194*h + 2082. Give l(19).
-8
Let l(b) = 613*b**3 + 15325*b**2 + b - 14. What is l(-25)?
-39
Let l(h) = -22802*h + 2599392. Calculate l(114).
-36
Let c(i) = 292*i - 7440. Determine c(15).
-3060
Let p(h) = 561*h**2 - 6595*h - 3. Give p(12).
1641
Let i(g) = 6*g**3 - 315*g**2 + 698*g - 179. Determine i(50).
-2779
Let z(y) = -421*y**3 + 2091*y**2 + 10*y - 9. Determine z(5).
-309
Let c(i) = -5516*i**2 - 60677*i + 23. Calculate c(-11).
34
Let w(b) = -40*b**2 + 1089*b + 1148. Determine w(-1).
19
Let j(p) = 272*p - 4507. Calculate j(19).
661
Let q(m) = -1128*m - 12429. Give q(-11).
-21
Let l(i) = 2685*i + 59092. Determine l(-22).
22
Let j(r) = -r**3 - 24*r**2 - 20*r - 364. What is j(-19)?
-1789
Let b(o) = 26*o**3 - 33*o**2 - 284*o - 253. Give b(-1).
-28
Let t(o) = -4110*o + 1972812. Give t(480).
12
Let z(v) = -3020*v + 42309. Give z(14).
29